 5*p - 65 - 95 = 0, -m*q - p + 143 = 0. Does 18 divide q?
False
Let q be (-9)/(-6)*(-212)/(-6). Let g = -38 + q. Does 15 divide g?
True
Suppose u - 1 = 3. Suppose 0 = g + 2*g - 12. Suppose -g*m = -2*l - 126, -u*m + 2*m - 3*l = -51. Does 15 divide m?
True
Let i(f) = -10*f + 7. Let u be i(3). Let v = u + 58. Does 6 divide v?
False
Let g = 3 + -1. Suppose 2*n = n - y + 21, g*n + 5*y - 54 = 0. Suppose 0 = -3*k + n + 52. Is 13 a factor of k?
False
Let o(i) = 5*i**2 - 3*i. Does 14 divide o(2)?
True
Let c = 22 + -41. Let k = c - -27. Let i = -3 + k. Is 5 a factor of i?
True
Suppose 2*p - 5*t - 60 = 0, 2*t + 0*t - 92 = -5*p. Suppose p = -0*k - 5*k. Is (-54)/k*(-24)/(-18) a multiple of 18?
True
Suppose -7*g + 2*g = -300. Does 20 divide g?
True
Is 48 a factor of (-8)/(80/6) - 486/(-10)?
True
Let h(u) = -2*u**3 + 2*u**2 - 6*u - 24. Is 51 a factor of h(-5)?
True
Suppose 8 = -2*r, -2*p = -4*r - 28 - 56. Does 6 divide p?
False
Suppose o = -10 + 38. Suppose v - 4*m + 2 - 3 = 0, 5*m = -v + o. Is v a multiple of 7?
False
Let w(h) be the third derivative of 5*h**4/24 - 2*h**2. Let l be w(1). Let g(b) = b + 4. Is 5 a factor of g(l)?
False
Let x(f) = -f**3 - 5*f**2 + 10. Does 3 divide x(-5)?
False
Suppose k + 4 + 5 = 0. Let p = -6 - k. Suppose 0 = -y - p*y + 20. Is 5 a factor of y?
True
Suppose 4*b + 0*f - 21 = f, 25 = -5*f. Suppose b*a - 3*d = 7 + 2, -4*d = -4*a + 8. Suppose -g + 96 = 5*m - 4*g, 0 = 3*m + a*g - 48. Is 17 a factor of m?
False
Suppose 4 + 11 = 5*k. Let n = k + 13. Does 8 divide n?
True
Let f = -21 - -37. Is 16 a factor of f?
True
Suppose -3*h + 71 = -46. Does 13 divide h?
True
Let d(a) = 3*a - 1. Let j be d(11). Let c = -23 + j. Does 2 divide c?
False
Suppose 4*t - 364 = -4*a, -2*t = -2*a - 175 + 13. Is t a multiple of 13?
False
Let u(p) = -p + 6. Let f be (-2)/(-5) - (-282)/(-30). Is 9 a factor of u(f)?
False
Let b(x) = x**2 + 7*x + 55. Does 14 divide b(-11)?
False
Let b(p) = 2*p**2 + 3*p + 6. Let d be 2/((-1)/(3/3)). Let f(g) = 4*g**2 + 7*g + 13. Let t(u) = d*f(u) + 5*b(u). Is t(4) a multiple of 20?
True
Let k be -1 - -5 - (-1 + -121). Suppose -y + k = 6*y. Is y a multiple of 18?
True
Let s = 32 - 16. Is 3 a factor of s?
False
Suppose -5*j - 40 = -j. Let z = 16 + j. Does 4 divide z?
False
Suppose 0*h - 2*h = -326. Suppose h = 4*w + 47. Is 17 a factor of w?
False
Let x(a) be the second derivative of 3*a**3 + 2*a**2 + 2*a. Let d be x(4). Suppose d = 4*m - u - u, -2*m - 4*u = -48. Is 10 a factor of m?
True
Suppose 50 = m - 6*m. Let n be -1*5*4/m. Suppose 3*l + 33 = 4*g - n*l, 0 = 5*g - 3*l - 38. Is g a multiple of 7?
True
Let o(d) = -d**3 + 8*d**2 - 8*d - 5. Let t be o(7). Let c = 9 + t. Is 17 a factor of (-1)/((9/69)/c)?
False
Let y be 6/(-27) + 10/45. Let w(f) = -f**2 - f. Let t be w(-2). Let l = y - t. Is l a multiple of 2?
True
Let j = -6 + 10. Suppose l - 37 = -5*c, j*c - 2*l = -3*l + 29. Is 4 a factor of c?
True
Let i = 15 + -10. Suppose i*x = 2*x + 75. Does 7 divide x?
False
Suppose -3*t + 13 = 142. Let k = -62 - t. Let n = k + 32. Is n a multiple of 6?
False
Suppose 4*t + 8 = 0, -5*j + 25 = -0*j - 5*t. Let h(q) = 2*q - 1. Let p be h(j). Suppose -52 = -p*c + 3*z, -3*c = -3*z - z - 29. Is c a multiple of 9?
False
Suppose 9*u = 4*u + 680. Is u a multiple of 22?
False
Let v = -3 + 4. Is 18 a factor of 317/6 + v/6?
False
Let v = -1 + -9. Let q be v/(-8)*24/3. Suppose -3*x + q = -x. Is 5 a factor of x?
True
Let y = -27 + 52. Does 7 divide y?
False
Suppose 2*x + 2*x - 368 = 0. Suppose -16 = -3*a + x. Is 12 a factor of a?
True
Let u be 1/(-3 - (-76)/24). Suppose u = g - 2. Does 4 divide g?
True
Let l be 6 + 66 + -2 + -1. Let g = l + -33. Is 22 a factor of g?
False
Suppose 4*x - 9 = i - 4, -5*x = -3*i - 8. Is (2/3)/(i/(-15)) a multiple of 10?
True
Suppose 30 = 5*p - 4*k + 2*k, -9 = 2*p - 5*k. Suppose -u - u + p = 0. Suppose -5*r - u*m + 194 = 0, r - m = -5*m + 42. Is r a multiple of 15?
False
Suppose 97 + 87 = 4*x. Let g = x + 17. Is 23 a factor of g?
False
Suppose 3*f = 9*f - 456. Is 19 a factor of f?
True
Suppose f + 11 = -4*m, 2*f + 0*f - 5*m - 4 = 0. Let q(j) = -4*j - 1. Let v be q(f). Suppose 7 + v = r. Does 9 divide r?
True
Suppose -5*q + f + 85 = -3*q, -f + 3 = 0. Is 22 a factor of q?
True
Is -1 + (44 + 4 - -3) a multiple of 14?
False
Suppose 816 = 5*o - 359. Does 18 divide o?
False
Let d(y) = -6*y**3 + 3*y**2 - 4*y + 2. Let v be d(2). Let q = v - -90. Suppose 3*i + 3*k = q, -4*k - 7 = -27. Does 4 divide i?
False
Let t = -2 - -2. Suppose 40 = -t*a + 2*a. Does 10 divide a?
True
Let s(z) = z**3 - 7*z**2 - z + 5. Let q be s(7). Does 18 divide 87*(q - 16/(-6))?
False
Let w(u) = 2*u**2 + 6*u + 3. Let d be w(-6). Let q = d - 24. Is q a multiple of 15?
True
Let p be (-4)/3 - 4/6. Is 1/(2/(-32)*p) a multiple of 8?
True
Suppose 4 = 2*k - 2. Suppose 3*j + 45 = -j - m, k*m = 9. Let c(h) = -h - 3. Is c(j) a multiple of 9?
True
Let n(o) be the first derivative of 2*o - 2 + 3/2*o**2 + 2/3*o**3. Is n(4) a multiple of 17?
False
Suppose 1 = -2*u + 9. Suppose -u*p = 1 + 3. Does 16 divide (-3)/(p/(32/6))?
True
Let c(p) = -p**3 + 12*p**2 + 3*p - 13. Does 5 divide c(12)?
False
Let b be (-4)/(24/(-27))*-2. Let k = b - -65. Is k a multiple of 25?
False
Let i be 1/1 - (1 + -123). Suppose 172 - 53 = 7*s. Suppose i = 5*v - s. Does 10 divide v?
False
Suppose 3*y - 5*y = -6. Suppose 0*g + g - 6 = -y*l, 4*l + 20 = 0. Is g a multiple of 9?
False
Suppose -5*t - 43 = -598. Is t a multiple of 17?
False
Let s(q) = q**2 - q - 5. Let d be s(6). Let a = 5 + d. Suppose 0 = 4*x - 2*v - v - 25, a = 4*x - 2*v. Is 6 a factor of x?
False
Let q be ((0 - -10)*1)/2. Suppose q*i - 10 = -2*a, a - 2*i = i + 16. Suppose s - 5*r - a = 0, -3*r - r = s - 1. Is s a multiple of 3?
False
Let s = -70 - -77. Does 6 divide s?
False
Suppose -4*x + x = 0. Suppose -14 = -2*j - x*j. Let g(q) = 2*q - 9. Is 2 a factor of g(j)?
False
Suppose -2*p = -4*j - 544, 1182 - 351 = 3*p - 3*j. Suppose -5*s + 3*a + 468 = 0, 0*a + 3*a + p = 3*s. Is s a multiple of 31?
True
Is 3/(-2)*16/12 - -54 a multiple of 24?
False
Let t(z) = 2*z + 11. Let v = -10 - -18. Is t(v) a multiple of 10?
False
Suppose -3*f - 2*f + 15 = 0. Does 3 divide f?
True
Suppose -4*c + 172 = 3*o, -4*o + 3*o + 44 = -2*c. Is o a multiple of 26?
True
Let m be 2 - 0 - (-11)/(-1). Let i = m - 3. Does 12 divide (-6)/(39/i + 3)?
True
Suppose -235 = -d - 3*z, -d + 3*z - 61 = -314. Is 10 a factor of d/24 - (-2)/(-12)?
True
Is 16 a factor of (-131)/(-1) - (0 - -3)?
True
Let y(n) = -n**3 + 5*n**2 - 1. Does 7 divide y(4)?
False
Suppose -2*r - k + 15 + 0 = 0, -k = -5*r + 34. Let n(f) = -f + 5. Let c(y) = 2*y. Let p(i) = 2*c(i) - 2*n(i). Is p(r) a multiple of 10?
False
Let c(j) be the first derivative of j**4 - 2*j**3/3 + j - 1. Is 9 a factor of c(2)?
False
Suppose 0*v = 4*v - 136. Suppose k + v = 2*k. Is k a multiple of 13?
False
Suppose -4*u - 4*i + 136 = 0, 3*u + i - 100 = -0*i. Is u a multiple of 13?
False
Suppose -5*i + 4*i - 4*c - 3 = 0, -4*c - 7 = -3*i. Let r = i - -1. Suppose -r*o = -8, j + 0*j = 2*o + 5. Does 7 divide j?
False
Let z be (9 - 6)*(1 - -2). Suppose -s + z = 4. Is s a multiple of 5?
True
Let l(u) = -u**3 - 3*u**2 + u. Let r be l(-3). Let v be (-14)/(-1)*(r - -2). Does 3 divide (-88)/v - 2/7?
True
Suppose a - 1 = 2*j - 0, -2*a + 12 = j. Suppose a*s = 4*t - 1, -4*t + 10 = 2*s - 3*t. Is 2 a factor of s?
False
Suppose -11*w = -141 - 112. Is w a multiple of 2?
False
Is 23 a factor of (-6 + -20)*7/(-2)?
False
Let s(t) = -64*t - 4. Is s(-1) a multiple of 20?
True
Suppose 6*y - 216 = 114. Is y a multiple of 7?
False
Let b be 3*1/((-3)/(-2)). Let n be (-422)/(-4) - b/(-4). Suppose 4*g - 94 = 5*f, 4*g + 3*f - n = 2*f. Is 13 a factor of g?
True
Let j be (4/(-6))/(6/(-45)). Suppose 0 = 3*a - a - i - 54, -133 = -j*a + 3*i. Does 10 divide a?
False
Let r(z) = -5 - z - 2*z**2 + 3*z**2 + 2*z - 3. Does 16 divide r(-8)?
True
Is 28 a factor of -1*(-138 - 1) + 1?
True
Suppose p = 4*u - 0*u - 52, 0 = 2*u + 3*p - 12. Is 6 a factor of u?
True
Is 29 a factor of -26*(-155)/70 - (-3)/7?
True
Let m(c) be the third derivative of c**4/24 - c**3/6 + 14*c**2. Suppose 6 + 1 = k. Is 2 a factor of m(k)?
True
Suppose 4*u - 129 + 13 = 0. Suppose 16 = a - 4*k - 17, 3*k = a - u. Does 16 divide a?
False
Let a(w) be the third derivative of w**5/30 + w**4/6 - w**3/2 - 2*w**2. Let 